{"id":814,"date":"2014-02-24T14:54:23","date_gmt":"2014-02-24T14:54:23","guid":{"rendered":"http:\/\/biomag.com.br\/loja\/?post_type=product&#038;p=814"},"modified":"2019-06-27T11:04:42","modified_gmt":"2019-06-27T14:04:42","slug":"software-biometrico-bioxeasy","status":"publish","type":"product","link":"https:\/\/biomag.com.br\/loja\/produto\/software-biometrico-bioxeasy\/","title":{"rendered":"Software Biom\u00e9trico BioxEasy"},"content":{"rendered":"<p><strong><span style=\"text-decoration: underline;\"><span style=\"color: #000d48; text-decoration: underline;\">Cadastramento:<\/span><\/span><\/strong><br \/>\nQuantidade de digitais por usu\u00e1rio \u2013 1 a 10<br \/>\nQuantidade de templates por digital \u2013 configur\u00e1vel de 03 a 05<\/p>\n<p><strong><span style=\"text-decoration: underline;\"><span style=\"color: #000d48; text-decoration: underline;\">Formato do Template:<\/span><\/span><\/strong><br \/>\nISO (opcional)<\/p>\n<p><strong><span style=\"text-decoration: underline;\"><span style=\"color: #000d48; text-decoration: underline;\">Autentica\u00e7\u00e3o:<\/span><\/span><\/strong><br \/>\nIdentifica\u00e7\u00e3o 1:N<br \/>\nVerifica\u00e7\u00e3o 1:1<\/p>\n<p><strong><span style=\"text-decoration: underline;\"><span style=\"color: #000d48; text-decoration: underline;\">Tempo de Resposta:<\/span><\/span><\/strong><br \/>\n\u2264 5 segundos<\/p>\n<p><strong><span style=\"text-decoration: underline;\"><span style=\"color: #000d48; text-decoration: underline;\">Banco de Dados:<\/span><\/span><\/strong><br \/>\nFirebird<br \/>\nSQL Server<\/p>\n<p><strong><span style=\"text-decoration: underline;\"><span style=\"color: #000d48; text-decoration: underline;\">Sistemas Operacionais:<\/span><\/span><\/strong><br \/>\nWindows XP<br \/>\nWindows Vista<br \/>\nWindows 7<br \/>\nWindows 8<\/p>\n","protected":false},"excerpt":{"rendered":"<p>BioxEasy \u00e9 solu\u00e7\u00e3o ideal para se incluir de forma f\u00e1cil \u00e9 r\u00e1pida um autenticador biom\u00e9trico em qualquer tipo de aplica\u00e7\u00e3o, seja \u00e9 ela: Web, Rede ou Stand Alone.<br \/>\nCom BioxEasy voc\u00ea continuar\u00e1 o focado no seu \u201cCore Business\u201d, pois os seus m\u00f3dulos: Servidor Biom\u00e9trico e Cliente, ser\u00e3o respons\u00e1veis por realizarem as fun\u00e7\u00f5es mais complexas da biometria, que vai da captura, passando pelo cadastramento at\u00e9 matching dos dados biom\u00e9tricos.<br \/>\nA integra\u00e7\u00e3o entre o BioxEasy e a Aplica\u00e7\u00e3o \u00e9 f\u00e1cil e r\u00e1pida. Pois, atrav\u00e9s do protocolo de comunica\u00e7\u00e3o TCP-IP a Aplica\u00e7\u00e3o enviar\u00e1 comandos para o BioxEasy.<\/p>\n","protected":false},"featured_media":815,"comment_status":"closed","ping_status":"closed","template":"","meta":{"_exactmetrics_skip_tracking":false,"_exactmetrics_sitenote_active":false,"_exactmetrics_sitenote_note":"","_exactmetrics_sitenote_category":0,"_joinchat":[]},"product_brand":[],"product_cat":[29],"product_tag":[341,340],"class_list":{"0":"post-814","1":"product","2":"type-product","3":"status-publish","4":"has-post-thumbnail","6":"product_cat-sistemas","7":"product_tag-bioxeasy","8":"product_tag-software-bioxeasy","10":"first","11":"instock","12":"virtual","13":"product-type-simple"},"_links":{"self":[{"href":"https:\/\/biomag.com.br\/loja\/wp-json\/wp\/v2\/product\/814","targetHints":{"allow":["GET"]}}],"collection":[{"href":"https:\/\/biomag.com.br\/loja\/wp-json\/wp\/v2\/product"}],"about":[{"href":"https:\/\/biomag.com.br\/loja\/wp-json\/wp\/v2\/types\/product"}],"replies":[{"embeddable":true,"href":"https:\/\/biomag.com.br\/loja\/wp-json\/wp\/v2\/comments?post=814"}],"wp:featuredmedia":[{"embeddable":true,"href":"https:\/\/biomag.com.br\/loja\/wp-json\/wp\/v2\/media\/815"}],"wp:attachment":[{"href":"https:\/\/biomag.com.br\/loja\/wp-json\/wp\/v2\/media?parent=814"}],"wp:term":[{"taxonomy":"product_brand","embeddable":true,"href":"https:\/\/biomag.com.br\/loja\/wp-json\/wp\/v2\/product_brand?post=814"},{"taxonomy":"product_cat","embeddable":true,"href":"https:\/\/biomag.com.br\/loja\/wp-json\/wp\/v2\/product_cat?post=814"},{"taxonomy":"product_tag","embeddable":true,"href":"https:\/\/biomag.com.br\/loja\/wp-json\/wp\/v2\/product_tag?post=814"}],"curies":[{"name":"wp","href":"https:\/\/api.w.org\/{rel}","templated":true}]}}