{"id":410,"date":"2014-01-08T08:40:21","date_gmt":"2014-01-08T11:40:21","guid":{"rendered":"http:\/\/biomag.com.br\/loja\/?post_type=product&#038;p=410"},"modified":"2017-06-06T14:58:45","modified_gmt":"2017-06-06T17:58:45","slug":"acuprox-keyfob-blue-green","status":"publish","type":"product","link":"https:\/\/biomag.com.br\/loja\/produto\/acuprox-keyfob-blue-green\/","title":{"rendered":"AcuProx Keyfob Blue &#038; Green"},"content":{"rendered":"<p>&nbsp;<\/p>\n<p><strong><span style=\"text-decoration: underline;\"><span style=\"color: #000d48; text-decoration: underline;\">Aplica\u00e7\u00e3o:<\/span> <\/span><\/strong><br \/>\nIdentifica\u00e7\u00e3o de pessoas<\/p>\n<p><strong><span style=\"text-decoration: underline;\"><span style=\"color: #000d48; text-decoration: underline;\">Tecnologia:<\/span> <\/span><\/strong><br \/>\nLF &#8211; (Baixa Frequ\u00eancia, Passivo)<\/p>\n<p><strong><span style=\"text-decoration: underline;\"><span style=\"color: #000d48; text-decoration: underline;\">Tipo:<\/span> <\/span><\/strong><br \/>\nChaveiro<\/p>\n<p><strong><span style=\"text-decoration: underline;\"><span style=\"color: #000d48; text-decoration: underline;\">Modula\u00e7\u00e3o:<\/span> <\/span><\/strong><br \/>\nASK<\/p>\n<p><strong><span style=\"text-decoration: underline;\"><span style=\"color: #000d48; text-decoration: underline;\">Frequ\u00eancia de Opera\u00e7\u00e3o:<\/span> <\/span><\/strong><br \/>\n125 kHz<\/p>\n<p><strong><span style=\"text-decoration: underline;\"><span style=\"color: #000d48; text-decoration: underline;\">Chip RFID:<\/span> <\/span><\/strong><br \/>\nUnique EM4002 ou compat\u00edvel &#8211; RO<\/p>\n<p><strong><span style=\"text-decoration: underline;\"><span style=\"color: #000d48; text-decoration: underline;\">Configura\u00e7\u00e3o de Mem\u00f3ria:<\/span> <\/span><\/strong><br \/>\n64 bits, sendo 40 bits o ID<\/p>\n<p><strong><span style=\"text-decoration: underline;\"><span style=\"color: #000d48; text-decoration: underline;\">Dist\u00e2ncia de Leitura*:<\/span> <\/span><\/strong><br \/>\nAt\u00e9 4 cm com leitor AP-15<br \/>\nAt\u00e9 15 cm com leitor AP-30<br \/>\nAt\u00e9 30 cm com leitor AP-60<\/p>\n<p><strong><span style=\"text-decoration: underline;\"><span style=\"color: #000d48; text-decoration: underline;\">Tempo de Vida**:<\/span> <\/span><\/strong><br \/>\nIlimitado<\/p>\n<p><strong><span style=\"text-decoration: underline;\"><span style=\"color: #000d48; text-decoration: underline;\">Encapsulamento:<\/span> <\/span><\/strong><br \/>\nPolicarbonato<\/p>\n<p><strong><span style=\"text-decoration: underline;\"><span style=\"color: #000d48; text-decoration: underline;\">Dimens\u00f5es:<\/span> <\/span><\/strong><br \/>\n56 x 32 x 8,1 mm<\/p>\n<p><strong><span style=\"text-decoration: underline;\"><span style=\"color: #000d48; text-decoration: underline;\">Temperatura de Opera\u00e7\u00e3o:<\/span><\/span><\/strong><br \/>\n-30\u00b0C a +60\u00b0C<\/p>\n<p><strong><span style=\"text-decoration: underline;\"><span style=\"color: #000d48; text-decoration: underline;\">Temperatura Armazenamento:<\/span> <\/span><\/strong><br \/>\n-35\u00b0C a +85\u00b0C<\/p>\n<p><strong><span style=\"text-decoration: underline;\"><span style=\"color: #000d48; text-decoration: underline;\">Grau de Prote\u00e7\u00e3o:<\/span> <\/span><\/strong><br \/>\nIP66<\/p>\n<p><strong><span style=\"text-decoration: underline;\"><span style=\"color: #000d48; text-decoration: underline;\">Furo:<\/span> <\/span><\/strong><br \/>\nSim<\/p>\n<p><em><strong><span style=\"color: #000d48;\">*<\/span><\/strong> Considerando alimenta\u00e7\u00e3o do Leitor por fonte regulada e estabilizada de 12V DC, instala\u00e7\u00e3o em ambiente sem ru\u00eddo eletromagn\u00e9tico e sem a presen\u00e7a de superf\u00edcies met\u00e1licas pr\u00f3ximas ao leitor. <\/em><br \/>\n<em><strong><span style=\"color: #000d48;\">**<\/span> <\/strong>Respeitando as especifica\u00e7\u00f5es.<\/em><\/p>\n","protected":false},"excerpt":{"rendered":"<p>O chaveiro de proximidade AcuProx Keyfob \u00e9 um tag RFID passivo somente leitura da Linha AcuProx com furo para ser usado como chaveiro, possui c\u00f3digo \u00fanico pr\u00e9-gravado de 64 bits.<br \/>\nFeito em Policarbonato e selado por ultrassom o AcuProx Keyfob \u00e9 resistente e pode ser usado em aplica\u00e7\u00f5es de controle de acesso e seguran\u00e7a, programas de fidelidade, marca\u00e7\u00e3o de ponto, etc.<\/p>\n","protected":false},"featured_media":2453,"comment_status":"open","ping_status":"closed","template":"","meta":{"_exactmetrics_skip_tracking":false,"_exactmetrics_sitenote_active":false,"_exactmetrics_sitenote_note":"","_exactmetrics_sitenote_category":0,"_joinchat":[]},"product_brand":[],"product_cat":[14],"product_tag":[187,111,172,177],"class_list":{"0":"post-410","1":"product","2":"type-product","3":"status-publish","4":"has-post-thumbnail","6":"product_cat-cartoes-e-tags","7":"product_tag-acuprox-keyfob-blue-green","8":"product_tag-tag-chaveiro","9":"product_tag-tag-para-identificacao-de-pessoas","10":"product_tag-tag-para-pessoas","12":"first","13":"instock","14":"shipping-taxable","15":"product-type-simple"},"_links":{"self":[{"href":"https:\/\/biomag.com.br\/loja\/wp-json\/wp\/v2\/product\/410","targetHints":{"allow":["GET"]}}],"collection":[{"href":"https:\/\/biomag.com.br\/loja\/wp-json\/wp\/v2\/product"}],"about":[{"href":"https:\/\/biomag.com.br\/loja\/wp-json\/wp\/v2\/types\/product"}],"replies":[{"embeddable":true,"href":"https:\/\/biomag.com.br\/loja\/wp-json\/wp\/v2\/comments?post=410"}],"wp:featuredmedia":[{"embeddable":true,"href":"https:\/\/biomag.com.br\/loja\/wp-json\/wp\/v2\/media\/2453"}],"wp:attachment":[{"href":"https:\/\/biomag.com.br\/loja\/wp-json\/wp\/v2\/media?parent=410"}],"wp:term":[{"taxonomy":"product_brand","embeddable":true,"href":"https:\/\/biomag.com.br\/loja\/wp-json\/wp\/v2\/product_brand?post=410"},{"taxonomy":"product_cat","embeddable":true,"href":"https:\/\/biomag.com.br\/loja\/wp-json\/wp\/v2\/product_cat?post=410"},{"taxonomy":"product_tag","embeddable":true,"href":"https:\/\/biomag.com.br\/loja\/wp-json\/wp\/v2\/product_tag?post=410"}],"curies":[{"name":"wp","href":"https:\/\/api.w.org\/{rel}","templated":true}]}}